 + 72 + 4*c**3 - c**3 - 59 - 2*c. Determine s(-9).
31
Suppose 5*x - 3*x = j + 1, -x + 11 = 3*j. Let h(f) be the second derivative of -f**3/3 - 3*f. Calculate h(x).
-4
Suppose -5*s + 6*y - 7*y + 5 = 0, 5*s + 4*y = -10. Let d(q) = q**2 - 2 - 12*q**s + 1 - 5*q**2. Give d(1).
-17
Let j(z) = 5*z + 698 + 2*z - z**2 - 4*z**2 + z**3 - 706. Give j(4).
4
Let n(z) = -15*z**2 + z - 396. Let i(w) = 44*w**2 - 3*w + 1122. Let m(g) = 6*i(g) + 17*n(g). Suppose -s - 1 = -0*s. Calculate m(s).
10
Let x(n) be the first derivative of -n**5/12 + n**3/6 - 11*n**2/2 - 21. Let v(m) be the second derivative of x(m). What is v(-2)?
-19
Let x(p) be the second derivative of -p**4/12 - p**3 - 3*p**2/2 - 8*p. Let d(s) = 3*s**2 + 19*s + 22. Let l be d(-4). What is x(l)?
-3
Let l(a) be the first derivative of 2*a**2 + 55*a + 12. What is l(-13)?
3
Suppose 4*a - 4*g = -2*g + 98, a = -4*g + 2. Let d(u) = 2*u**3 + 10*u**2 - u + 1. Let p(s) = s**2. Let h(v) = a*p(v) - 2*d(v). Determine h(2).
-22
Suppose -5*c + 2*c + 6 = 0. Let q(t) = -5*t**c + t**3 - 4*t**2 - 4*t**2 + t**2 - 15 + t. Give q(12).
-3
Let c(j) = -j**3 - 5*j**2 + 4. Suppose -4*p = -6*p + 8. Suppose 6 + p = -2*r. Give c(r).
4
Let j(f) = 13 - 2*f + 3*f - 2*f. Suppose -3*n - 25 = 5*o - 2*n, 2*o = -2*n - 18. Let k = 2 - o. Calculate j(k).
7
Let p(m) be the second derivative of -m**4/12 - 4*m**3/3 - 7*m**2/2 + 7*m. Let n be ((-46)/4 - -1)*2/3. Calculate p(n).
0
Let t(w) = w**3 - 9*w**2 + 24*w + 55. Let c(p) = p**3 - 8*p**2 + 24*p + 66. Let z(f) = 5*c(f) - 6*t(f). What is z(12)?
0
Let t = 32 + -26. Let c(z) = -z**2 + 9*z + 8. Give c(t).
26
Let b(k) = k**2 - 18*k + 23. Let o be b(17). Let w(t) be the third derivative of t**6/120 - t**5/10 + t**4/24 - 5*t**3/6 - 2*t**2 - 29. Give w(o).
1
Let r(p) be the third derivative of -p**5/60 - p**4/24 + p**3/3 + 306*p**2. Let i = 0 + -5. Let d = -2 - i. What is r(d)?
-10
Suppose -6*v + 4 - 46 = 0. Let c(g) = -g**2 - 7*g + 7. Calculate c(v).
7
Let z(x) = x**3 + 5*x**2 - 4*x + 8. Let q(g) = -2*g**3 - 15*g**2 - 8*g - 2. Let f be q(-7). Suppose 27 = -f*k - 3*s, -k + s - 7 = -0*s. Calculate z(k).
-4
Let v(w) = -w**3 + 5*w**2 + w + 1. Let o(z) = -z**2 + 1. Suppose -8 = -3*i - 11. Let q(a) = i*v(a) + 6*o(a). Determine q(11).
-6
Let o(x) = -x**3 + 2*x**2 + x - 3. Suppose -5*n = -3*f + 7*f - 32, 0 = -5*f - 5*n + 35. Calculate o(f).
-9
Let i(k) = k**3 + 6*k**2 + 5*k - 4. Let o be i(-5). Let r(j) be the third derivative of -j**6/120 - j**5/20 + j**4/12 - 5*j**3/6 + 686*j**2. Determine r(o).
3
Let n(w) = -9*w**2 - 94*w + 60. Let z be n(-11). Let g(k) be the third derivative of -k**4/24 + 7*k**3/6 + 2*k**2. What is g(z)?
2
Let w(l) = -8*l**3 + 4*l**2 - 13*l + 1. Let p(j) = -j**3 - 2*j**2 - 2*j - 2. Let s(h) = -6*p(h) + w(h). What is s(8)?
5
Let g = -264 - -267. Let a(y) = -y**3 + 4*y**2 - y - 8. Determine a(g).
-2
Let p(l) = -95*l + 2277. Let c be p(24). Let x(d) = -d**2 + 8*d - 7. Let y be x(7). Let g(q) = -2 - 4*q + q**3 - 2*q**3 + y*q**3 - 5*q**2. What is g(c)?
-8
Let n(v) be the first derivative of -v**4/4 + v**3/3 - v**2 + 94. Calculate n(-2).
16
Let i(m) = m**3 + 6*m**2 + 3*m + 7. Suppose 4*s - 226*k = -227*k - 20, 0 = -4*s + 2*k - 32. What is i(s)?
-11
Let j(a) = a**3 + 4*a**2 - 2*a - 4. Let h = -6 - -5. Let d = h - -1. Let l be -4 + (-1)/(-2)*d. Give j(l).
4
Let q(b) = -b**3 + 6 - 3*b + 7*b**2 + 3*b - 7*b. Let t be q(6). Suppose 5*c = -t*c - 5. Let g(i) = -i**3 + 2*i**2 + i. Give g(c).
2
Let n(j) be the first derivative of j**3/3 - 5*j**2/2 + 2*j + 92. Calculate n(5).
2
Let g(h) be the second derivative of -h**7/840 - h**6/120 + h**5/120 - h**4/6 + h**3/2 - 14*h. Let i(n) be the second derivative of g(n). Calculate i(-4).
8
Let o = 9 - 9. Let l be (2 + 0)*(o - -1). Let f(p) = 0*p**2 - p**2 - 3*p**2 + 3 + 3*p + 3*p**l. Determine f(4).
-1
Suppose 4 = 4*l + 48. Let i = 5 + l. Let g(f) = 3*f**2 - 6*f + 26. Let h(x) = 5*x**2 - 9*x + 41. Let j(o) = 8*g(o) - 5*h(o). Give j(i).
-15
Suppose -4*d + 1 + 3 = 0, 0 = 4*k - d - 119. Suppose 2*a + k = -2*a - 5*q, 2*q = -2*a - 14. Let p(n) = 0*n - 3*n + 1 + 0 - n**2. Calculate p(a).
-9
Let c(p) = -2 + 29*p + 37*p + 1 - 25*p**2 - 66*p. What is c(-1)?
-26
Let t(u) = 5*u - 2. Suppose -6*o - 110 = -92. Give t(o).
-17
Suppose -3*u - 4*c + 29 - 1 = 0, 0 = 5*u + 2*c - 42. Let t(x) = -3*x + 2. Give t(u).
-22
Let l(x) = -2*x + 1. Suppose 178 = -5*f - 3*d, 2*d + 0*d + 72 = -2*f. Let s = f + 36. Determine l(s).
-1
Let t(i) be the second derivative of i**5/20 - i**4/4 + i**3/3 + i. Let o(d) = -d + 4. Let r be o(5). Let u be 1 + -2 + r - -4. Give t(u).
0
Let y(t) = -t**2 - 2*t + 2. Let n = -26 + 27. Suppose x + 0*f = -f - 3, 2*x = -4*f - 14. Let d(g) = g - 1. Let a(u) = n*y(u) + x*d(u). Determine a(1).
-1
Suppose y - 56 = -4*i - 0*y, 70 = 5*i + 5*y. Suppose 0*r = -2*r + i. Let j(v) = -2*v**2 + v**2 - 28*v + 34*v. What is j(r)?
-7
Let k(j) = -j + 13. Let t(z) = -8*z + 2. Let r be t(-1). Suppose 0 - 10 = -2*d. Suppose 5*b - 25 = -o, -d*o - 4*b = -r - 10. Calculate k(o).
13
Let i(d) = 6*d - 5. Let p be ((9/(-2))/3)/(21/70). Give i(p).
-35
Let y(d) = d**2 + 2*d + 1. Let o be y(-3). Suppose o*i - 3*i + 7 = c, 5*i = -15. Let x(m) = m**2 - 3*m - 1. What is x(c)?
3
Suppose -22 = -10*w + 48. Let f(g) be the third derivative of g**4/24 - g**3/2 - 7*g**2. Calculate f(w).
4
Let k(a) = -5*a + 56. Let t(o) = -10*o + 118. Let u(y) = 7*k(y) - 3*t(y). Determine u(8).
-2
Let v(c) = 3*c - 19. Let r(h) = h + 31. Let w be r(-17). Let g be v(w). Suppose g = -3*o + 5. Let f(d) = d + 5. Calculate f(o).
-1
Let z = 4 + -2. Let c(r) = -4 + z*r + 0 + 8. Suppose -12 = -16*j + 20*j. Calculate c(j).
-2
Let l(v) = v**3 + 7*v**2 + v + 3. Let h(w) = 4*w + 13. Suppose -13 + 53 = -8*f. Let n be h(f). Determine l(n).
-4
Let c(d) = 3*d - 24. Let l = 35 + -28. Let f be c(l). Let s(r) = r - 2. What is s(f)?
-5
Let g(v) = -50*v - 41. Let c(i) = -26*i - 22. Let k(p) = -11*c(p) + 6*g(p). What is k(3)?
-46
Let o be 4/(-14) - (-27)/21. Suppose -1 = -2*z + o. Let j(m) = -21*m. Let a(w) = -w**3 + 25*w. Let r(f) = -5*a(f) - 6*j(f). What is r(z)?
6
Suppose -25*j = -22*j - 9. Let b(k) = -18 + j*k - 7*k + 9 + 15. Determine b(6).
-18
Let v(q) be the third derivative of -q**4/24 - 3*q**3 + 44*q**2 + 1. Give v(-9).
-9
Let g(x) = -2*x**3 - 2*x**2 - 2. Let t be 61*(-3 + 2) + -4. Let j be (117/t)/((-2)/30). Let s = j + -29. What is g(s)?
6
Let s(g) = 2 + 0*g + 4*g + 1 + 2*g. Let i = 6 - 4. Let c(n) = -25*n - 11. Let q(f) = i*c(f) + 9*s(f). What is q(-5)?
-15
Let l(t) be the second derivative of 0*t**5 + 1/3*t**4 - 4*t + 0*t**3 + 1/720*t**6 + 0 + 0*t**2. Let f(o) be the third derivative of l(o). Calculate f(5).
5
Let i(q) = q**2 - 5*q + 2. Let y(j) = -3*j**2 + 14*j - 3. Let w(s) = 11*i(s) + 4*y(s). What is w(5)?
-10
Suppose -m = -6*c + 4*c + 4, 10 = 4*c - m. Suppose -2*s - 9 = 2*h + 7, c*s + h = -20. Let z(x) = 5 + 3 - 2*x + 3*x. Give z(s).
2
Let r(k) = 2*k + 62. Let t be r(0). Let s = -65 + t. Let f(y) = -y**2 - 1 - y + 1. What is f(s)?
-6
Let u(w) be the second derivative of w**5/20 + w**4/3 - w**3/2 - 2*w**2 - 7*w. Let q be 2/(2 - 3) - 2. What is u(q)?
8
Let k(l) = -60*l - 22. Let p(o) = -6*o - 2. Let v(c) = 2*k(c) - 22*p(c). What is v(-2)?
-24
Let z(l) = l - 1. Let s(q) = q**3 - 2*q**2 + 2*q. Suppose -2*p = 3*j - 2 + 1, p + 4*j + 2 = 0. Let h be s(p). Determine z(h).
3
Let c(m) = m + 5. Suppose 2*i = -a - 62, 55 + 97 = -5*i - 4*a. Let k = 28 + i. Determine c(k).
1
Let o(i) be the first derivative of -2*i + 1/2*i**2 - 12. Give o(0).
-2
Let x(h) be the second derivative of -h**4/12 - 7*h**3/6 - 5*h**2 - 6*h - 6. Calculate x(-8).
-18
Let j(q) = -q**2 - q - 1. Let f(u) be the third derivative of u**6/60 - u**5/30 - u**4/12 - u**3/2 + 20*u**2. Let p(d) = f(d) - 2*j(d). Give p(-1).
-3
Let n(r) = -r**2 + 5*r**2 + 4020*r - 4017*r + 1. Calculate n(-2).
11
Let w(l) be the third derivative of 0*l**4 + 7*l**2 + 0 + 0*l**5 - 1/6*l**3 + 0*l + 1/120*l**6. Give w(-2).
-9
Suppose -5*y = -10*y - 40. Let t = 11 + y. Let x(p) = 0*p - 2 - 3*p**2 - 4*p + 8*p + p**t. Give x(2).
2
Let v(y) be the third derivative of y**5/60 - 7*y**4/24 + 4*y**3/3 - 4*y**2. Let x be (3/6)/((-1)/(-10)). Let r = x + 1. What is v(r)?
2
Let t(r) = -r**2 - 4*r - 3. Let n = -163 - -161. Let y be (-1)/(n/(1 - 11)). Give t(y).
-8
Let z(d) = -7*d**3 - 11*d**2 + d + 3. L